he hundred thousands digit of 22323446?
3
What is the tens digit of 1137396?
9
What is the hundreds digit of 2381614?
6
What is the hundred thousands digit of 18605293?
6
What is the hundred thousands digit of 6239362?
2
What is the tens digit of 222978?
7
What is the units digit of 235064?
4
What is the units digit of 6080031?
1
What is the hundreds digit of 114378?
3
What is the thousands digit of 7246395?
6
What is the hundreds digit of 22228?
2
What is the hundred thousands digit of 277114?
2
What is the thousands digit of 982134?
2
What is the tens digit of 195098?
9
What is the ten thousands digit of 387141?
8
What is the hundreds digit of 386618?
6
What is the units digit of 10752828?
8
What is the ten thousands digit of 394344?
9
What is the thousands digit of 19365602?
5
What is the thousands digit of 10181477?
1
What is the hundred thousands digit of 8832843?
8
What is the ten millions digit of 14662036?
1
What is the thousands digit of 1355776?
5
What is the ten thousands digit of 10273899?
7
What is the tens digit of 10546905?
0
What is the thousands digit of 15330?
5
What is the thousands digit of 836341?
6
What is the units digit of 16517368?
8
What is the ten thousands digit of 6958553?
5
What is the hundreds digit of 26921?
9
What is the millions digit of 4239260?
4
What is the ten thousands digit of 200530?
0
What is the hundreds digit of 289290?
2
What is the tens digit of 497926?
2
What is the units digit of 269768?
8
What is the units digit of 2497284?
4
What is the ten thousands digit of 5122573?
2
What is the hundreds digit of 257306?
3
What is the thousands digit of 455262?
5
What is the units digit of 1266651?
1
What is the hundreds digit of 9036?
0
What is the hundreds digit of 1227155?
1
What is the units digit of 195797?
7
What is the hundred thousands digit of 5687165?
6
What is the units digit of 2528439?
9
What is the millions digit of 6837627?
6
What is the ten thousands digit of 925059?
2
What is the hundred thousands digit of 8168238?
1
What is the units digit of 2530915?
5
What is the hundreds digit of 2814715?
7
What is the hundreds digit of 3801185?
1
What is the ten thousands digit of 189883?
8
What is the hundred thousands digit of 391271?
3
What is the thousands digit of 207930?
7
What is the ten millions digit of 20319631?
2
What is the hundreds digit of 3757495?
4
What is the thousands digit of 2955751?
5
What is the hundreds digit of 161043?
0
What is the units digit of 1759547?
7
What is the thousands digit of 190775?
0
What is the thousands digit of 527967?
7
What is the thousands digit of 471757?
1
What is the hundred thousands digit of 109462?
1
What is the ten thousands digit of 2001181?
0
What is the hundreds digit of 462308?
3
What is the hundreds digit of 462044?
0
What is the thousands digit of 6761264?
1
What is the thousands digit of 197383?
7
What is the units digit of 2894210?
0
What is the thousands digit of 394674?
4
What is the ten thousands digit of 495513?
9
What is the hundreds digit of 4886883?
8
What is the units digit of 373616?
6
What is the thousands digit of 61985?
1
What is the thousands digit of 953254?
3
What is the thousands digit of 13320277?
0
What is the ten thousands digit of 615528?
1
What is the hundred thousands digit of 271101?
2
What is the tens digit of 1867548?
4
What is the millions digit of 2852385?
2
What is the units digit of 1211450?
0
What is the hundreds digit of 6710960?
9
What is the units digit of 2631084?
4
What is the millions digit of 1681134?
1
What is the hundreds digit of 1124681?
6
What is the hundred thousands digit of 569022?
5
What is the hundred thousands digit of 724773?
7
What is the tens digit of 401717?
1
What is the ten thousands digit of 2554250?
5
What is the units digit of 386464?
4
What is the ten thousands digit of 2277019?
7
What is the tens digit of 25683?
8
What is the units digit of 2510775?
5
What is the thousands digit of 207903?
7
What is the units digit of 239983?
3
What is the thousands digit of 152719?
2
What is the thousands digit of 5164490?
4
What is the ten thousands digit of 364708?
6
What is the hundreds digit of 113764?
7
What is the units digit of 697205?
5
What is the tens digit of 150677?
7
What is the hundreds digit of 14048102?
1
What is the ten thousands digit of 9444053?
4
What is the units digit of 2092946?
6
What is the hundred thousands digit of 356953?
3
What is the millions digit of 2245859?
2
What is the units digit of 526624?
4
What is the millions digit of 9351571?
9
What is the thousands digit of 1219884?
9
What is the ten thousands digit of 6052886?
5
What is the hundreds digit of 3518599?
5
What is the ten thousands digit of 4332020?
3
What is the hundreds digit of 172831?
8
What is the hundred thousands digit of 774884?
7
What is the tens digit of 315281?
8
What is the units digit of 838924?
4
What is the thousands digit of 3806805?
6
What is the thousands digit of 634640?
4
What is the tens digit of 347433?
3
What is the hundred thousands digit of 206103?
2
What is the hundred thousands digit of 28172452?
1
What is the ten thousands digit of 255542?
5
What is the thousands digit of 777659?
7
What is the thousands digit of 4032262?
2
What is the tens digit of 697340?
4
What is the hundred thousands digit of 674039?
6
What is the ten thousands digit of 7566534?
6
What is the ten thousands digit of 3694608?
9
What is the units digit of 11645?
5
What is the hundred thousands digit of 9681355?
6
What is the ten thousands digit of 1130447?
3
What is the tens digit of 9420691?
9
What is the units digit of 84926?
6
What is the millions digit of 5228112?
5
What is the hundred thousands digit of 3119982?
1
What is the hundreds digit of 121419?
4
What is the hundred thousands digit of 1445169?
4
What is the units digit of 1470277?
7
What is the units digit of 197077?
7
What is the thousands digit of 4698251?
8
What is the ten thousands digit of 126482?
2
What is the thousands digit of 331879?
1
What is the ten millions digit of 16073936?
1
What is the tens digit of 24851610?
1
What is the hundred thousands digit of 1103715?
1
What is the units digit of 1058580?
0
What is the hundreds digit of 216942?
9
What is the hundreds digit of 480569?
5
What is the tens digit of 438655?
5
What is the units digit of 37932?
2
What is the hundred thousands digit of 471469?
4
What is the tens digit of 653605?
0
What is the units digit of 1722321?
1
What is the ten thousands digit of 12183681?
8
What is the units digit of 89064?
4
What is the millions digit of 27841903?
7
What is the hundreds digit of 620658?
6
What is the units digit of 2572567?
7
What is the hundreds digit of 796045?
0
What is the tens digit of 5522662?
6
What is the hundreds digit of 134136?
1
What is the thousands digit of 95145?
5
What is the hundreds digit of 8970898?
8
What is the ten thousands digit of 24428?
2
What is the hundreds digit of 1869470?
4
What is the ten thousands digit of 131193?
3
What is the ten thousands digit of 8465251?
6
What is the tens digit of 24920?
2
What is the ten thousands digit of 350814?
5
What is the hundreds digit of 213864?
8
What is the units digit of 8611052?
2
What is the thousands digit of 97357?
7
What is the ten thousands digit of 16502?
1
What is the thousands digit of 295163?
5
What is the thousands digit of 223546?
3
What is the ten thousands digit of 61234?
6
What is the tens digit of 433816?
1
What is the units digit of 676749?
9
What is the hundreds digit of 1873692?
6
What is the tens digit of 3230380?
8
What is the hundred thousands digit of 1323358?
3
What is the thousands digit of 187197?
7
What is the thousands digit of 631509?
1
What is the hundreds digit of 387257?
2
What is the thousands digit of 486703?
6
What is the ten thousands digit of 7051739?
5
What is the tens digit of 1343888?
8
What is the millions digit of 10460133?
0
What is the thousands digit of 172933?
2
What is the hundreds digit of 901031?
0
What is the hundred thousands digit of 458144?
4
What is the tens digit of 719603?
0
What is the hundred thousands digit of 1891054?
8
What is the units digit of 316613?
3
What is the thousands digit of 142277?
2
What is the hundred thousands digit of 121192?
1
What is the tens digit of 2